{"version":"1.0","provider_name":"exploremostar","provider_url":"https:\/\/exploremostar.ba\/en","author_name":"Dino Jekic","author_url":"https:\/\/exploremostar.ba\/en\/author\/dino\/","title":"Zavr\u0161eno \u2018\u2019Ljeto s Turisti\u010dkom zajednicom Grada Mostara\u2019\u2019 - exploremostar","type":"rich","width":600,"height":338,"html":"<blockquote class=\"wp-embedded-content\" data-secret=\"8xO0h7ugAE\"><a href=\"https:\/\/exploremostar.ba\/en\/zavrseno-ljeto-s-turistickom-zajednicom-grada-mostara\/\">&quot;Summer with the Tourist Board of the City of Mostar&quot; has ended<\/a><\/blockquote><iframe sandbox=\"allow-scripts\" security=\"restricted\" src=\"https:\/\/exploremostar.ba\/en\/zavrseno-ljeto-s-turistickom-zajednicom-grada-mostara\/embed\/#?secret=8xO0h7ugAE\" width=\"600\" height=\"338\" title=\"&quot;&quot;Summer with the Tourist Board of the City of Mostar&quot; has ended&quot; \u2014 exploremostar\" data-secret=\"8xO0h7ugAE\" frameborder=\"0\" marginwidth=\"0\" marginheight=\"0\" scrolling=\"no\" class=\"wp-embedded-content\"><\/iframe><script type=\"text\/javascript\">\n\/* <![CDATA[ *\/\n\/*! This file is auto-generated *\/\n!function(d,l){\"use strict\";l.querySelector&&d.addEventListener&&\"undefined\"!=typeof URL&&(d.wp=d.wp||{},d.wp.receiveEmbedMessage||(d.wp.receiveEmbedMessage=function(e){var t=e.data;if((t||t.secret||t.message||t.value)&&!\/[^a-zA-Z0-9]\/.test(t.secret)){for(var s,r,n,a=l.querySelectorAll('iframe[data-secret=\"'+t.secret+'\"]'),o=l.querySelectorAll('blockquote[data-secret=\"'+t.secret+'\"]'),c=new RegExp(\"^https?:$\",\"i\"),i=0;i<o.length;i++)o[i].style.display=\"none\";for(i=0;i<a.length;i++)s=a[i],e.source===s.contentWindow&&(s.removeAttribute(\"style\"),\"height\"===t.message?(1e3<(r=parseInt(t.value,10))?r=1e3:~~r<200&&(r=200),s.height=r):\"link\"===t.message&&(r=new URL(s.getAttribute(\"src\")),n=new URL(t.value),c.test(n.protocol))&&n.host===r.host&&l.activeElement===s&&(d.top.location.href=t.value))}},d.addEventListener(\"message\",d.wp.receiveEmbedMessage,!1),l.addEventListener(\"DOMContentLoaded\",function(){for(var e,t,s=l.querySelectorAll(\"iframe.wp-embedded-content\"),r=0;r<s.length;r++)(t=(e=s[r]).getAttribute(\"data-secret\"))||(t=Math.random().toString(36).substring(2,12),e.src+=\"#?secret=\"+t,e.setAttribute(\"data-secret\",t)),e.contentWindow.postMessage({message:\"ready\",secret:t},\"*\")},!1)))}(window,document);\n\/\/# sourceURL=https:\/\/exploremostar.ba\/wp-includes\/js\/wp-embed.min.js\n\/* ]]> *\/\n<\/script>","thumbnail_url":"https:\/\/exploremostar.ba\/wp-content\/uploads\/2025\/08\/ljetoTZ-Mara-01.jpg","thumbnail_width":2000,"thumbnail_height":1334,"description":"Zavr\u0161na ve\u010der manifestacije\u00a0\u201eLjeto s Turisti\u010dkom zajednicom Grada Mostara\u201c\u00a0odr\u017eana je u subotu, 2. kolovoza, na platou iza ku\u0107e Mujage Komadine, \u010dime je simboli\u010dno zatvoreno desetodnevno kulturno i umjetni\u010dko dru\u017eenje pod zvjezdanim mostarskim nebom. Zavr\u0161nica manifestacije protekla je u znaku francuskog animiranog SF filma\u00a0\u201eMars Express\u201c, te energi\u010dnog glazbenog nastupa DJ-ice Lubnye, koja je atmosferu dovela do vrhunca [&hellip;]"}

Završeno ‘’Ljeto s Turističkom zajednicom Grada Mostara’’ - exploremostar

Završna večer manifestacije „Ljeto s Turističkom zajednicom Grada Mostara“ održana je u subotu, 2. kolovoza, na platou iza kuće Mujage Komadine, čime je simbolično zatvoreno desetodnevno kulturno i umjetničko druženje pod zvjezdanim mostarskim nebom. Završnica manifestacije protekla je u znaku francuskog animiranog SF filma „Mars Express“, te energičnog glazbenog nastupa DJ-ice Lubnye, koja je atmosferu dovela do vrhunca [&hellip;]
