{"version":"1.0","provider_name":"exploremostar","provider_url":"https:\/\/exploremostar.ba\/en","author_name":"Dino Jekic","author_url":"https:\/\/exploremostar.ba\/en\/author\/dino\/","title":"Predstavnici TZ GM na sajmu u Barceloni - exploremostar","type":"rich","width":600,"height":338,"html":"<blockquote class=\"wp-embedded-content\" data-secret=\"7vlUYtsx2O\"><a href=\"https:\/\/exploremostar.ba\/en\/predstavnici-tz-gm-na-sajmu-u-barceloni\/\">Representatives of TZ GM at the fair in Barcelona<\/a><\/blockquote><iframe sandbox=\"allow-scripts\" security=\"restricted\" src=\"https:\/\/exploremostar.ba\/en\/predstavnici-tz-gm-na-sajmu-u-barceloni\/embed\/#?secret=7vlUYtsx2O\" width=\"600\" height=\"338\" title=\"\u201cTZ GM representatives at the fair in Barcelona\u201d \u2014 exploremostar\" data-secret=\"7vlUYtsx2O\" frameborder=\"0\" marginwidth=\"0\" marginheight=\"0\" scrolling=\"no\" class=\"wp-embedded-content\"><\/iframe><script type=\"text\/javascript\">\n\/* <![CDATA[ *\/\n\/*! This file is auto-generated *\/\n!function(d,l){\"use strict\";l.querySelector&&d.addEventListener&&\"undefined\"!=typeof URL&&(d.wp=d.wp||{},d.wp.receiveEmbedMessage||(d.wp.receiveEmbedMessage=function(e){var t=e.data;if((t||t.secret||t.message||t.value)&&!\/[^a-zA-Z0-9]\/.test(t.secret)){for(var s,r,n,a=l.querySelectorAll('iframe[data-secret=\"'+t.secret+'\"]'),o=l.querySelectorAll('blockquote[data-secret=\"'+t.secret+'\"]'),c=new RegExp(\"^https?:$\",\"i\"),i=0;i<o.length;i++)o[i].style.display=\"none\";for(i=0;i<a.length;i++)s=a[i],e.source===s.contentWindow&&(s.removeAttribute(\"style\"),\"height\"===t.message?(1e3<(r=parseInt(t.value,10))?r=1e3:~~r<200&&(r=200),s.height=r):\"link\"===t.message&&(r=new URL(s.getAttribute(\"src\")),n=new URL(t.value),c.test(n.protocol))&&n.host===r.host&&l.activeElement===s&&(d.top.location.href=t.value))}},d.addEventListener(\"message\",d.wp.receiveEmbedMessage,!1),l.addEventListener(\"DOMContentLoaded\",function(){for(var e,t,s=l.querySelectorAll(\"iframe.wp-embedded-content\"),r=0;r<s.length;r++)(t=(e=s[r]).getAttribute(\"data-secret\"))||(t=Math.random().toString(36).substring(2,12),e.src+=\"#?secret=\"+t,e.setAttribute(\"data-secret\",t)),e.contentWindow.postMessage({message:\"ready\",secret:t},\"*\")},!1)))}(window,document);\n\/\/# sourceURL=https:\/\/exploremostar.ba\/wp-includes\/js\/wp-embed.min.js\n\/* ]]> *\/\n<\/script>","thumbnail_url":"https:\/\/exploremostar.ba\/wp-content\/uploads\/2025\/11\/Sajam-Barcelona1.jpg","thumbnail_width":1200,"thumbnail_height":723,"description":"Turisti\u010dka zajednica Grada Mostara uzela je u\u010de\u0161\u0107e na IBTM WORLD sajmu u Barceloni, \u0160paniji. Sajam je prilika za uspostavljanje novih budu\u0107ih partnerstava, sve u cilju kvalitetne prezentacije Mostara kao atraktivne turisti\u010dke destinacije. Direktorica TZ GM Elvira \u0106emalovi\u0107 ve\u0107 je prvog dana Sajma obavila niz sastanaka sa predstavnicima Poljske, Saudijske Arabije, Azerbejd\u017eana, Italije, \u010ce\u0161ke, na kojima [&hellip;]"}

Turistička zajednica Grada Mostara uzela je učešće na IBTM WORLD sajmu u Barceloni, Španiji. Sajam je prilika za uspostavljanje novih budućih partnerstava, sve u cilju kvalitetne prezentacije Mostara kao atraktivne turističke destinacije. Direktorica TZ GM Elvira Ćemalović već je prvog dana Sajma obavila niz sastanaka sa predstavnicima Poljske, Saudijske Arabije, Azerbejdžana, Italije, Češke, na kojima [&hellip;]
